What is the highest common factor of 65 and 91?
13
Calculate the highest common divisor of 162 and 135.
27
What is the greatest common divisor of 464 and 174?
58
What is the highest common factor of 61012 and 28?
28
What is the highest common divisor of 2987 and 29?
29
Calculate the greatest common divisor of 127 and 635.
127
What is the highest common divisor of 9440 and 10?
10
Calculate the greatest common divisor of 25 and 4.
1
What is the greatest common divisor of 96 and 2088?
24
Calculate the highest common factor of 1591 and 259.
37
What is the highest common divisor of 12 and 1068?
12
What is the greatest common factor of 2040 and 540?
60
What is the highest common factor of 453 and 302?
151
Calculate the highest common divisor of 9 and 40.
1
What is the highest common factor of 1026 and 27?
27
What is the greatest common divisor of 6 and 48?
6
What is the greatest common divisor of 106 and 1802?
106
What is the highest common divisor of 79 and 1027?
79
Calculate the greatest common factor of 65 and 13.
13
Calculate the greatest common divisor of 342 and 30.
6
What is the highest common divisor of 1974 and 1890?
42
What is the greatest common divisor of 128 and 72?
8
What is the greatest common factor of 707 and 14?
7
What is the greatest common factor of 38646 and 171?
171
Calculate the greatest common divisor of 687 and 9.
3
What is the highest common factor of 427 and 1159?
61
What is the greatest common divisor of 1291 and 2?
1
What is the greatest common factor of 1 and 83?
1
Calculate the greatest common factor of 92 and 1978.
46
Calculate the highest common divisor of 81 and 39.
3
Calculate the highest common divisor of 38 and 1805.
19
What is the greatest common divisor of 360 and 375?
15
Calculate the highest common divisor of 295 and 177.
59
What is the highest common factor of 6394 and 1946?
278
What is the highest common factor of 88 and 20?
4
Calculate the greatest common divisor of 10 and 3510.
10
What is the greatest common divisor of 4 and 36?
4
Calculate the greatest common factor of 39864 and 528.
264
Calculate the highest common factor of 16 and 4208.
16
Calculate the highest common factor of 1971 and 438.
219
Calculate the greatest common factor of 944 and 416.
16
What is the greatest common divisor of 12 and 20?
4
Calculate the greatest common divisor of 1150 and 25.
25
Calculate the greatest common factor of 17 and 2227.
17
Calculate the highest common factor of 9 and 477.
9
Calculate the highest common factor of 38 and 494.
38
What is the greatest common divisor of 440 and 286?
22
Calculate the highest common divisor of 32 and 464.
16
What is the greatest common divisor of 30 and 2390?
10
Calculate the highest common divisor of 42 and 392.
14
Calculate the greatest common factor of 252 and 18.
18
What is the highest common factor of 638 and 66?
22
Calculate the greatest common divisor of 2 and 50.
2
What is the greatest common divisor of 1344 and 84?
84
Calculate the highest common factor of 268 and 17152.
268
What is the greatest common divisor of 273 and 156?
39
What is the highest common factor of 17 and 8092?
17
What is the highest common divisor of 1164 and 12?
12
Calculate the highest common factor of 1310 and 20.
10
Calculate the greatest common divisor of 43 and 1032.
43
What is the greatest common factor of 114 and 6?
6
Calculate the greatest common divisor of 16 and 4232.
8
Calculate the greatest common factor of 95 and 5.
5
What is the highest common divisor of 880 and 1280?
80
What is the highest common factor of 290 and 8?
2
Calculate the greatest common divisor of 184 and 3220.
92
Calculate the greatest common divisor of 76 and 14478.
38
What is the highest common divisor of 144 and 240?
48
Calculate the highest common factor of 396 and 2664.
36
Calculate the highest common factor of 50 and 2.
2
Calculate the greatest common factor of 1350 and 50.
50
What is the greatest common factor of 5019 and 21?
21
What is the greatest common divisor of 63 and 1449?
63
What is the highest common divisor of 8134 and 166?
166
Calculate the greatest common factor of 1515 and 135.
15
Calculate the highest common factor of 72 and 184.
8
What is the greatest common factor of 667 and 899?
29
What is the highest common factor of 68346 and 9?
9
What is the greatest common divisor of 112 and 350?
14
What is the highest common factor of 12745 and 5?
5
What is the greatest common factor of 2890 and 30?
10
What is the highest common divisor of 56 and 308?
28
Calculate the highest common factor of 322 and 46.
46
What is the greatest common divisor of 12 and 3?
3
Calculate the highest common factor of 59 and 11741.
59
What is the highest common factor of 476 and 644?
28
What is the highest common factor of 39 and 1053?
39
What is the highest common factor of 12 and 484?
4
What is the highest common factor of 1952 and 64?
32
Calculate the greatest common factor of 6 and 576.
6
Calculate the greatest common divisor of 16 and 16.
16
What is the highest common divisor of 85 and 24701?
17
Calculate the highest common factor of 1127 and 805.
161
Calculate the highest common factor of 1406 and 296.
74
What is the greatest common factor of 220 and 121?
11
Calculate the highest common divisor of 14547 and 39.
39
What is the highest common divisor of 37 and 1?
1
What is the highest common divisor of 10 and 35?
5
Calculate the highest common factor of 496 and 186.
62
Calculate the greatest common factor of 80 and 980.
20
Calculate the greatest common divisor of 504 and 2904.
24
Calculate the highest common divisor of 8395 and 438.
73
Calculate the highest common divisor of 144 and 612.
36
What is the greatest common divisor of 5205 and 30?
15
Calculate the highest common divisor of 90 and 120.
30
What is the greatest common divisor of 27 and 837?
27
What is the greatest common factor of 906 and 6?
6
What is the greatest common divisor of 18 and 126?
18
Calculate the greatest common factor of 13 and 10.
1
What is the highest common factor of 652 and 68?
4
Calculate the highest common factor of 88 and 33.
11
What is the greatest common factor of 39998 and 14?
14
Calculate the greatest common divisor of 27 and 34911.
27
Calculate the highest common factor of 21534 and 388.
194
What is the highest common factor of 12 and 66?
6
What is the highest common factor of 168 and 2240?
56
What is the greatest common divisor of 185 and 37?
37
What is the greatest common divisor of 153 and 3281?
17
What is the highest common factor of 72 and 1944?
72
What is the highest common factor of 80 and 16?
16
Calculate the greatest common factor of 486 and 216.
54
What is the greatest common factor of 1067 and 291?
97
What is the greatest common factor of 25521 and 362?
181
What is the greatest common divisor of 708 and 48?
12
What is the greatest common factor of 2466 and 72?
18
What is the highest common factor of 5474 and 3332?
238
Calculate the highest common divisor of 36 and 4131.
9
Calculate the highest common factor of 42 and 588.
42
Calculate the greatest common divisor of 86 and 14534.
86
What is the highest common factor of 246 and 258?
6
Calculate the greatest common factor of 514 and 6.
2
Calculate the highest common divisor of 66 and 363.
33
What is the greatest common divisor of 2058 and 6?
6
Calculate the greatest common divisor of 36 and 54.
18
What is the highest common divisor of 1239 and 3363?
177
Calculate the highest common divisor of 190 and 304.
38
Calculate the highest common factor of 99 and 315.
9
Calculate the greatest common divisor of 2806 and 366.
122
What is the highest common factor of 550 and 2450?
50
Calculate the greatest common divisor of 6 and 134.
2
Calculate the greatest common factor of 407 and 33.
11
What is the highest common divisor of 530 and 10?
10
Calculate the highest common divisor of 27244 and 196.
196
Calculate the greatest common factor of 208 and 24.
8
What is the greatest common divisor of 6953 and 34?
17
What is the greatest common divisor of 1392 and 261?
87
What is the highest common factor of 136 and 595?
17
Calculate the highest common divisor of 96 and 60.
12
Calculate the highest common divisor of 630 and 6885.
45
Calculate the highest common factor of 148 and 7030.
74
Calculate the greatest com